{"id":12,"date":"2025-04-08T17:33:40","date_gmt":"2025-04-08T17:33:40","guid":{"rendered":"https:\/\/pspelementarz.pl\/?page_id=12"},"modified":"2025-04-26T14:05:37","modified_gmt":"2025-04-26T14:05:37","slug":"edukacja-domowa","status":"publish","type":"page","link":"https:\/\/pspelementarz.pl\/index.php\/edukacja-domowa\/","title":{"rendered":"Edukacja domowa"},"content":{"rendered":"\n<p>Wsp\u00f3\u0142pracujemy z&nbsp;<a href=\"https:\/\/www.libratus.edu.pl\/\">Polskimi Szko\u0142ami Internetowymi Libratus<\/a>&nbsp;oraz<a href=\"https:\/\/domowi.edu.pl\/?utm_source=google&amp;utm_medium=cpc&amp;utm_campaign=brand&amp;gclid=CjwKCAjwjaWoBhAmEiwAXz8DBemOKjcE0FAKMmrrJWAwZB1ABaJqbEUYQVVGdtGnIMLkAkiYEHLxGBoCLJYQAvD_BwE\">&nbsp;Centrum Nauczania Domowego<\/a>.&nbsp;Edukacja domowa to spe\u0142nianie obowi\u0105zku szkolnego poza szko\u0142\u0105. Dziecko uczy si\u0119 w&nbsp;domu, a&nbsp;rodzic jest jego nauczycielem. Ucze\u0144 zdobywa wiedz\u0119 we w\u0142asnym tempie, a&nbsp;taka edukacja ma indywidualny charakter. To rodzic decyduje i&nbsp;dopasowuje grafik zaj\u0119\u0107 dziecka do rytmu rodziny.<\/p>\n\n\n\n<p>W&nbsp;edukacji domowej mocno stawiamy na:<\/p>\n\n\n\n<ul class=\"wp-block-list\">\n<li>kreatywne metody uczenia si\u0119;<\/li>\n\n\n\n<li>rozw\u00f3j zainteresowa\u0144 i\u00a0pasji dziecka;<\/li>\n\n\n\n<li>wzmocnienie rodzinnych wi\u0119zi.<\/li>\n<\/ul>\n\n\n\n<p>Mimo nauczania domowego, dziecko jest formalnie zapisane do szko\u0142y na terenie swojego wojew\u00f3dztwa. Otrzymuje legitymacj\u0119 szkoln\u0105 i&nbsp;ma prawo uczestniczy\u0107 w&nbsp;dodatkowych zaj\u0119ciach organizowanych przez szko\u0142\u0119. Pod koniec roku szkolnego dziecko musi podej\u015b\u0107 do egzaminu kwalifikacyjnego. Egzaminy sk\u0142adaj\u0105 si\u0119 z&nbsp;cz\u0119\u015bci pisemnej i&nbsp;ustnej &#8211; zawieraj\u0105 one zakres materia\u0142u z&nbsp;ca\u0142ego roku szkolnego. Do egzaminu ucze\u0144 mo\u017ce przyst\u0105pi\u0107 w&nbsp;dowolnym momencie po uzgodnieniu terminu z&nbsp;dyrektorem szko\u0142y, jednak nie p\u00f3\u017aniej ni\u017c w&nbsp;dniu zako\u0144czenia zaj\u0119\u0107 edukacyjnych. Spe\u0142nianie obowi\u0105zku szkolnego poza szko\u0142\u0105 reguluje art. 37 Prawa o\u015bwiatowego.<\/p>\n\n\n\n<p><\/p>\n\n\n\n<figure class=\"wp-block-gallery has-nested-images columns-default is-cropped wp-block-gallery-1 is-layout-flex wp-block-gallery-is-layout-flex\">\n<figure class=\"wp-block-image size-large\"><img fetchpriority=\"high\" decoding=\"async\" width=\"637\" height=\"335\" data-id=\"54\" src=\"https:\/\/pspelementarz.pl\/wp-content\/uploads\/2025\/04\/Un-jeu-de-preecriture-pour-les-grands-dage-prescolaire-FB-1.jpg\" alt=\"\" class=\"wp-image-54\" srcset=\"https:\/\/pspelementarz.pl\/wp-content\/uploads\/2025\/04\/Un-jeu-de-preecriture-pour-les-grands-dage-prescolaire-FB-1.jpg 637w, https:\/\/pspelementarz.pl\/wp-content\/uploads\/2025\/04\/Un-jeu-de-preecriture-pour-les-grands-dage-prescolaire-FB-1-300x158.jpg 300w\" sizes=\"(max-width: 637px) 100vw, 637px\" \/><\/figure>\n\n\n\n<figure class=\"wp-block-image size-large\"><img decoding=\"async\" width=\"1024\" height=\"683\" data-id=\"53\" src=\"https:\/\/pspelementarz.pl\/wp-content\/uploads\/2025\/04\/asdasdfasdf-1-1024x683.webp\" alt=\"\" class=\"wp-image-53\" srcset=\"https:\/\/pspelementarz.pl\/wp-content\/uploads\/2025\/04\/asdasdfasdf-1-1024x683.webp 1024w, https:\/\/pspelementarz.pl\/wp-content\/uploads\/2025\/04\/asdasdfasdf-1-300x200.webp 300w, https:\/\/pspelementarz.pl\/wp-content\/uploads\/2025\/04\/asdasdfasdf-1-768x512.webp 768w, https:\/\/pspelementarz.pl\/wp-content\/uploads\/2025\/04\/asdasdfasdf-1-1536x1024.webp 1536w, https:\/\/pspelementarz.pl\/wp-content\/uploads\/2025\/04\/asdasdfasdf-1.webp 1920w\" sizes=\"(max-width: 1024px) 100vw, 1024px\" \/><\/figure>\n\n\n\n<figure class=\"wp-block-image size-large\"><img decoding=\"async\" width=\"450\" height=\"357\" data-id=\"52\" src=\"https:\/\/pspelementarz.pl\/wp-content\/uploads\/2025\/04\/57631589-education-elementary-school-learning-gesture-and-people-concept-group-of-school-kids-sitting-in.jpg\" alt=\"\" class=\"wp-image-52\" srcset=\"https:\/\/pspelementarz.pl\/wp-content\/uploads\/2025\/04\/57631589-education-elementary-school-learning-gesture-and-people-concept-group-of-school-kids-sitting-in.jpg 450w, https:\/\/pspelementarz.pl\/wp-content\/uploads\/2025\/04\/57631589-education-elementary-school-learning-gesture-and-people-concept-group-of-school-kids-sitting-in-300x238.jpg 300w\" sizes=\"(max-width: 450px) 100vw, 450px\" \/><\/figure>\n\n\n\n<figure class=\"wp-block-image size-large\"><img loading=\"lazy\" decoding=\"async\" width=\"1024\" height=\"683\" data-id=\"51\" src=\"https:\/\/pspelementarz.pl\/wp-content\/uploads\/2025\/04\/iStock-1358014313-scaled-1-1024x683.jpg\" alt=\"\" class=\"wp-image-51\" srcset=\"https:\/\/pspelementarz.pl\/wp-content\/uploads\/2025\/04\/iStock-1358014313-scaled-1-1024x683.jpg 1024w, https:\/\/pspelementarz.pl\/wp-content\/uploads\/2025\/04\/iStock-1358014313-scaled-1-300x200.jpg 300w, https:\/\/pspelementarz.pl\/wp-content\/uploads\/2025\/04\/iStock-1358014313-scaled-1-768x512.jpg 768w, https:\/\/pspelementarz.pl\/wp-content\/uploads\/2025\/04\/iStock-1358014313-scaled-1-1536x1024.jpg 1536w, https:\/\/pspelementarz.pl\/wp-content\/uploads\/2025\/04\/iStock-1358014313-scaled-1-2048x1366.jpg 2048w\" sizes=\"(max-width: 1024px) 100vw, 1024px\" \/><\/figure>\n\n\n\n<figure class=\"wp-block-image size-large\"><img loading=\"lazy\" decoding=\"async\" width=\"1024\" height=\"683\" data-id=\"50\" src=\"https:\/\/pspelementarz.pl\/wp-content\/uploads\/2025\/04\/istock-586379824_custom-31aa5fe9e1126ecb0ec576fbb78b942c1f4e4f13-1024x683.jpg\" alt=\"\" class=\"wp-image-50\" srcset=\"https:\/\/pspelementarz.pl\/wp-content\/uploads\/2025\/04\/istock-586379824_custom-31aa5fe9e1126ecb0ec576fbb78b942c1f4e4f13-1024x683.jpg 1024w, https:\/\/pspelementarz.pl\/wp-content\/uploads\/2025\/04\/istock-586379824_custom-31aa5fe9e1126ecb0ec576fbb78b942c1f4e4f13-300x200.jpg 300w, https:\/\/pspelementarz.pl\/wp-content\/uploads\/2025\/04\/istock-586379824_custom-31aa5fe9e1126ecb0ec576fbb78b942c1f4e4f13-768x512.jpg 768w, https:\/\/pspelementarz.pl\/wp-content\/uploads\/2025\/04\/istock-586379824_custom-31aa5fe9e1126ecb0ec576fbb78b942c1f4e4f13.jpg 1100w\" sizes=\"(max-width: 1024px) 100vw, 1024px\" \/><\/figure>\n<\/figure>\n\n\n\n<p><a href=\"https:\/\/www.elementarz.edu.pl\/uploaded\/edukacja_domowa.pptx\"><strong>Prezentacja o edukacji domowej<\/strong><\/a><strong> <\/strong>autorstwa Anny Biela\u015b<\/p>\n\n\n\n<p><a href=\"https:\/\/www.elementarz.edu.pl\/uploaded\/WSKAZOWKI_EGZAMIN_8KLASISTY.pdf\"><strong>Jak przygotowa\u0107 si\u0119 do egzaminu \u00f3smoklasisty?<\/strong><\/a> autorstwa Rados\u0142awa Olesiaka<\/p>\n\n\n\n<p><strong>Wymagania edukacyjne:<\/strong><\/p>\n\n\n\n<p><a href=\"https:\/\/www.elementarz.edu.pl\/uploaded\/KLASA_1_ED.docx\">Klasa 1<\/a><\/p>\n\n\n\n<p><a href=\"https:\/\/www.elementarz.edu.pl\/uploaded\/KLASA_2_ED.docx\">Klasa 2<\/a><\/p>\n\n\n\n<p><a href=\"https:\/\/www.elementarz.edu.pl\/uploaded\/KLASA_3_ED.docx\">Klasa 3<\/a><\/p>\n\n\n\n<p><a href=\"https:\/\/www.elementarz.edu.pl\/uploaded\/KLASA_4_ED.docx\">Klasa 4<\/a><\/p>\n\n\n\n<p><a href=\"https:\/\/www.elementarz.edu.pl\/uploaded\/KLASA_5_ED.docx\">Klasa 5<\/a><\/p>\n\n\n\n<p><a href=\"https:\/\/www.elementarz.edu.pl\/uploaded\/KLASA_6_ED.docx\">Klasa 6<\/a><\/p>\n\n\n\n<p><a href=\"https:\/\/www.elementarz.edu.pl\/uploaded\/KLASA_7_ED.docx\">Klasa 7<\/a><\/p>\n\n\n\n<p><a href=\"https:\/\/www.elementarz.edu.pl\/uploaded\/KLASA_8_ED.docx\">Klasa 8<\/a><\/p>\n\n\n\n<p><strong>Wymagania egzaminacyjne:<\/strong><\/p>\n\n\n\n<p><a href=\"https:\/\/www.elementarz.edu.pl\/uploaded\/Edukacja_wczesnoszkolna_Klasa_1.docx\">Edukacja wczesnoszkolna kl. 1<\/a><\/p>\n\n\n\n<p><a href=\"https:\/\/www.elementarz.edu.pl\/uploaded\/Edukacja_wczesnoszkolna_klasa_2.docx\">Edukacja wczesnoszkolna kl. 2<\/a><\/p>\n\n\n\n<p><a href=\"https:\/\/www.elementarz.edu.pl\/uploaded\/Edukacja_wczesnoszkolna_klasa3.docx\">Edukacja wczesnoszkolna kl. 3<\/a><\/p>\n\n\n\n<p><a href=\"https:\/\/www.elementarz.edu.pl\/uploaded\/Wymagania_egzaminacyjne_klasa_IV.docx\">Wymagania egzaminacyjne kl. 4<\/a><\/p>\n\n\n\n<p><a href=\"https:\/\/www.elementarz.edu.pl\/uploaded\/Wymagania_egzaminacyjne_klasa_V_.docx\">Wymagania egzaminacyjne kl. 5<\/a><\/p>\n\n\n\n<p><a href=\"https:\/\/www.elementarz.edu.pl\/uploaded\/wymagania_egzaminacyjne_klasa_VI.docx\">Wymagania egzaminacyjne kl. 6<\/a><\/p>\n\n\n\n<p><a href=\"https:\/\/drive.google.com\/file\/d\/1yf6HH6waqDN781ggyjSS0hZ5-IZRNerN\/view?usp=sharing\">Wymagania egzaminacyjne kl. 7<\/a><\/p>\n\n\n\n<p><a href=\"https:\/\/drive.google.com\/file\/d\/1jcDi0HfOIMnQPY1XF_de7v4S8JO5quit\/view?usp=sharing\">Wymagania egzaminacyjne kl. 8<\/a><\/p>\n\n\n\n<p><a href=\"https:\/\/www.elementarz.edu.pl\/uploaded\/Wymagania_egzaminacyjne_kl.%20viii-%20egzamin%20osmoklasisty.pdf\">Wymagania egzaminacyjne dla egzaminu \u00f3smoklasisty<\/a> &#8211; rozporz\u0105dzenie.<\/p>\n\n\n\n<p><a href=\"https:\/\/www.elementarz.edu.pl\/uploaded\/informatory%20-%20Copy%201.rar\">Informatory CKE dotycz\u0105ce egzaminu \u00f3smoklasisty w roku 2025 &#8211; do pobrania.<\/a><\/p>\n\n\n\n<p><a href=\"https:\/\/www.elementarz.edu.pl\/uploaded\/Terminy_egzaminu_%C3%B3smoklasisty.docx\">Terminy egzaminu \u00f3smoklasisty w roku 2025 &#8211; do pobrania.<\/a><\/p>\n\n\n\n<p><strong>Programy nauczania i podr\u0119czniki:<\/strong><\/p>\n\n\n\n<p><a href=\"https:\/\/www.elementarz.edu.pl\/uploaded\/PROGRAMY_2018_19.docx\">2018-2019<\/a><\/p>\n\n\n\n<p><a href=\"https:\/\/www.elementarz.edu.pl\/uploaded\/PROGRAMY_2019_20.docx\">2019-2020<\/a><\/p>\n\n\n\n<p><a href=\"https:\/\/www.elementarz.edu.pl\/uploaded\/PROGRAMY_2020_21.docx\">2020-2021<\/a><\/p>\n\n\n\n<p><a href=\"https:\/\/www.elementarz.edu.pl\/uploaded\/PROGRAMY_2021_22.docx\">2021-2022<\/a><\/p>\n\n\n\n<p><a href=\"https:\/\/www.elementarz.edu.pl\/uploaded\/PROGRAMY_2022_23.docx\">2022-2023<\/a><\/p>\n\n\n\n<p><a href=\"https:\/\/www.elementarz.edu.pl\/uploaded\/PROGRAMY_2023_24.docx\">2023-2024<\/a><\/p>\n\n\n\n<p><a href=\"https:\/\/www.elementarz.edu.pl\/uploaded\/PROGRAMY_NAUCZANIA_I_PODR%C4%98CZNIKI.docx\">2024-2025<\/a><\/p>\n\n\n\n<p><strong>Dost\u0119p do platfotrmy edukacyjnej:<\/strong><\/p>\n\n\n\n<p><a href=\"https:\/\/www.elementarz.edu.pl\/uploaded\/Centrum_Nauczania_Domowego_Proc.pdf\">Centrum Nauczania Domowego &#8211; procedura dostepu do platformy edukacyjnej<\/a><\/p>\n\n\n\n<p><a href=\"https:\/\/www.elementarz.edu.pl\/uploaded\/Libratus_Procedura_nadania_dost.pdf\">Libratus &#8211; procedura dostepu do platformy edukacyjnej<\/a><\/p>\n\n\n\n<p><strong>Edukacja domowa dla dzieci przebywaj\u0105cych za granic\u0105<\/strong><\/p>\n\n\n\n<p>Dziecko wyje\u017cd\u017caj\u0105ce z rodzicami za granic\u0119 nie musi traci\u0107 kontaktu ze szko\u0142\u0105 w Polsce.<\/p>\n\n\n\n<p><br>Podczas pobytu za granic\u0105 ucze\u0144 ma prawo do bezp\u0142atnej, publicznej edukacji. Dzieci polskich obywateli przebywaj\u0105cych poza granicami kraju realizuj\u0105 obowi\u0105zek szkolny i obowi\u0105zek nauki w danym kraju zamieszkania w lokalnym systemie edukacji, zgodnie z obowi\u0105zuj\u0105cymi tam przepisami. Uzupe\u0142nieniem tej edukacji mog\u0105 by\u0107 zaj\u0119cia z j\u0119zyka polskiego, historii i geografii Polski i ewentualnie innych przedmiot\u00f3w w ramach polskich szk\u00f3\u0142 sobotnich. W kilku krajach mo\u017cliwa te\u017c jest nauka j\u0119zyka polskiego, jako przedmiotu lub w ramach zaj\u0119\u0107 dodatkowych, w lokalnych systemach edukacji.<\/p>\n\n\n\n<p><br>Jednak\u017ce s\u0105 przypadki, w kt\u00f3rych ucze\u0144 nie mo\u017ce skorzysta\u0107 z prawa do bezp\u0142atnej, publicznej edukacji w kraju zamieszkania, poniewa\u017c nie pozwala mu na to jego sytuacja rodzinna czy inne okoliczno\u015bci losowe (dotyczy to np. dzieci podr\u00f3\u017cuj\u0105cych po \u015bwiecie z rodzicami wykonuj\u0105cymi wolne zawody, przebywaj\u0105cymi na kr\u00f3tkich sta\u017cach zagranicznych), albo jest zainteresowany (r\u00f3wnolegle z nauk\u0105 w lokalnym systemie edukacji) kontynuowaniem nauki w polskim systemie o\u015bwiaty. W takim przypadku ucze\u0144 (posiadaj\u0105cy polskie obywatelstwo) na ka\u017cdym etapie edukacji, pocz\u0105wszy od obowi\u0105zkowego przygotowania przedszkolnego a\u017c do uko\u0144czenia szko\u0142y ponadgimnazjalnej, mo\u017ce skorzysta\u0107 z tzw. nauczania domowego w Polsce. Przepisy dotycz\u0105ce realizacji obowi\u0105zku szkolnego i obowi\u0105zku nauki poza szko\u0142\u0105 zawiera <a href=\"http:\/\/elementarz.edu.pl\/img\/media\/dokumenty\/USTAWA.docx\">art. 16 ust. 8-14 ustawy o systemie o\u015bwiaty<\/a>. Szko\u0142y Podstawowe Fundacji &#8222;Elementarz&#8221;<strong> zapraszaj\u0105 kandydat\u00f3w do edukacji domowej.&nbsp;<\/strong><\/p>\n\n\n\n<p>Szko\u0142y Podstawowe Fundacji \u201eElementarz\u201d to miejsca przyjazne edukacji domowej. Doskonale rozumiemy za\u0142o\u017cenia Szko\u0142y domowej i proponujemy indywidualne podej\u015bcie do ka\u017cdego ucznia. Nasi rodzice mog\u0105 liczy\u0107 na pe\u0142ne wsparcie w zakresie:<\/p>\n\n\n\n<p>\u2192 udost\u0119pnienia podr\u0119cznik\u00f3w szkolnych,<\/p>\n\n\n\n<p>\u2192 udzia\u0142u w wydarzeniach organizowanych przez szko\u0142\u0119,<\/p>\n\n\n\n<p>\u2192 udzia\u0142 w konkursach kuratoryjnych,<\/p>\n\n\n\n<p>\u2192 konsultacji z nauczycielem przed egzaminem klasyfikacyjnym,<\/p>\n\n\n\n<p>\u2192 udzia\u0142 w zaj\u0119ciach dodatkowych, do kt\u00f3rych zalicza si\u0119:<\/p>\n\n\n\n<ul class=\"wp-block-list\">\n<li>zaj\u0119cia z j\u0119zyka obcego nowo\u017cytnego innego ni\u017c j\u0119zyk obcy nowo\u017cytny nauczany w ramach obowi\u0105zkowych zaj\u0119\u0107 edukacyjnych,<\/li>\n\n\n\n<li>zaj\u0119cia, dla kt\u00f3rych nie zosta\u0142a ustalona podstawa programowa, lecz program nauczania tych zaj\u0119\u0107 zosta\u0142 w\u0142\u0105czony do szkolnego zestawu program\u00f3w nauczania;<\/li>\n\n\n\n<li>zaj\u0119cia rewalidacyjne dla uczni\u00f3w niepe\u0142nosprawnych;<\/li>\n\n\n\n<li>zaj\u0119cia prowadzone w ramach pomocy psychologiczno-pedagogicznej;<\/li>\n\n\n\n<li>zaj\u0119cia rozwijaj\u0105ce zainteresowania i uzdolnienia uczni\u00f3w, w szczeg\u00f3lno\u015bci w celu kszta\u0142towania ich aktywno\u015bci i kreatywno\u015bci;<\/li>\n\n\n\n<li>zaj\u0119cia z zakresu doradztwa zawodowego;<\/li>\n<\/ul>\n\n\n\n<p>Szko\u0142y Podstawowe Fundacji \u201eElementarz\u201d wsp\u00f3\u0142pracuj\u0105 \u015bci\u015ble z<a href=\"https:\/\/www.libratus.edu.pl\/\"> Polskimi Szko\u0142ami Internetowymi Libratus<\/a> i <a href=\"https:\/\/domowi.edu.pl\/\">Centrum Nauczania Domowego<\/a>, kt\u00f3re oferuj\u0105 opiek\u0119 merytoryczn\u0105 i dydaktyczn\u0105, tak aby nauczanie w domu by\u0142o jak najbardziej efektywne i dopasowane do potrzeb konkretnego dziecka. Dzi\u0119ki tej wsp\u00f3\u0142pracy, nasi uczniowie mog\u0105 bezp\u0142atnie skorzysta\u0107 z:<\/p>\n\n\n\n<ul class=\"wp-block-list\">\n<li>dost\u0119pu do platformy edukacyjnej, scenariuszy zaj\u0119\u0107 lekcyjnych i repetytori\u00f3w,<\/li>\n\n\n\n<li>test\u00f3w sprawdzaj\u0105cych wiedz\u0119 i pomagaj\u0105cych w przygotowaniu do egzamin\u00f3w,\u00a0<\/li>\n\n\n\n<li>udzia\u0142u w zaj\u0119ciach on-line z nauczycielami (wyk\u0142ady i zaj\u0119cia grupowe),\u00a0<\/li>\n\n\n\n<li>zaj\u0119\u0107 rozwijaj\u0105cych uzdolnienia i zainteresowania uczni\u00f3w,\u00a0<\/li>\n\n\n\n<li>udzia\u0142u w konkursach i programach motywacyjnych i wspieraj\u0105cych proces uczenia si\u0119,\u00a0<\/li>\n\n\n\n<li>informator\u00f3w i poradnik\u00f3w dla rodzic\u00f3w, jako nauczycieli dla swoich dzieci,\u00a0\u00a0\u00a0<\/li>\n<\/ul>\n\n\n\n<p>Kontakt:<\/p>\n\n\n\n<p>Centrum Nauczania Domowego<\/p>\n\n\n\n<p>Ul. Szlak 20\/7, 31-153 Krak\u00f3w&nbsp;<\/p>\n\n\n\n<p>Tel.: + 48 12 399 43 59<\/p>\n\n\n\n<p>sekretariat@domowi.edu.pl<\/p>\n\n\n\n<p>Polskie Szko\u0142y Internetowe Libratus<br>ul. Szlak 20\/7<br>31-153 Krak\u00f3w<br>Tel.: +48 12 44 66 865<br>sekretariat@libratus.edu.pl<\/p>\n\n\n\n<p><\/p>\n","protected":false},"excerpt":{"rendered":"<p>Wsp\u00f3\u0142pracujemy z&nbsp;Polskimi Szko\u0142ami Internetowymi Libratus&nbsp;oraz&nbsp;Centrum Nauczania Domowego.&nbsp;Edukacja domowa to spe\u0142nianie obowi\u0105zku szkolnego poza szko\u0142\u0105. Dziecko uczy si\u0119 w&nbsp;domu, a&nbsp;rodzic jest [&hellip;]<\/p>\n","protected":false},"author":1,"featured_media":49,"parent":0,"menu_order":0,"comment_status":"closed","ping_status":"closed","template":"","meta":{"footnotes":""},"class_list":["post-12","page","type-page","status-publish","has-post-thumbnail","hentry"],"_links":{"self":[{"href":"https:\/\/pspelementarz.pl\/index.php\/wp-json\/wp\/v2\/pages\/12","targetHints":{"allow":["GET"]}}],"collection":[{"href":"https:\/\/pspelementarz.pl\/index.php\/wp-json\/wp\/v2\/pages"}],"about":[{"href":"https:\/\/pspelementarz.pl\/index.php\/wp-json\/wp\/v2\/types\/page"}],"author":[{"embeddable":true,"href":"https:\/\/pspelementarz.pl\/index.php\/wp-json\/wp\/v2\/users\/1"}],"replies":[{"embeddable":true,"href":"https:\/\/pspelementarz.pl\/index.php\/wp-json\/wp\/v2\/comments?post=12"}],"version-history":[{"count":4,"href":"https:\/\/pspelementarz.pl\/index.php\/wp-json\/wp\/v2\/pages\/12\/revisions"}],"predecessor-version":[{"id":123,"href":"https:\/\/pspelementarz.pl\/index.php\/wp-json\/wp\/v2\/pages\/12\/revisions\/123"}],"wp:featuredmedia":[{"embeddable":true,"href":"https:\/\/pspelementarz.pl\/index.php\/wp-json\/wp\/v2\/media\/49"}],"wp:attachment":[{"href":"https:\/\/pspelementarz.pl\/index.php\/wp-json\/wp\/v2\/media?parent=12"}],"curies":[{"name":"wp","href":"https:\/\/api.w.org\/{rel}","templated":true}]}}